. What is the remainder when u is divided by l?
5
Let o(c) = -23*c - 20. Let u be o(-5). Let z = -47 + u. Calculate the remainder when z is divided by 14.
6
Suppose 8*s - 590 = 3*s. What is the remainder when s is divided by (-267)/(-9) - 2/(-6)?
28
Calculate the remainder when 196 is divided by 896/50 + (-72)/(-900).
16
Let u(l) = 2*l**2 - 3*l - 4. Suppose 0 = 2*t - 4. Suppose -p - d = -2*p + 7, -t*d - 22 = -4*p. What is the remainder when 29 is divided by u(p)?
13
Suppose -3*k - 4*u = -336, k - 111 = -0*k - u. Calculate the remainder when k is divided by -1 + 2 + 6 + 31.
32
Let k(l) = l**3 + 11*l**2 + l + 26. Suppose -4*m - 64 = 4*j, -j - j - 5*m - 47 = 0. What is the remainder when 58 is divided by k(j)?
13
Suppose 35 = -6*o - o. Let m be -87 + o - (-1 + 1). Let c = -37 - m. Calculate the remainder when c is divided by 14.
13
Let z = -8 + 11. Suppose 78 = -45*o + 213. What is the remainder when o is divided by z?
0
Suppose 3*o + 3*t - 126 = 0, 3*t + 9 = -0*t. What is the remainder when 224 is divided by o?
44
Calculate the remainder when (-22)/(-77) - 278/(-7) is divided by 17.
6
Let y = 1033 + -1029. What is the remainder when 6 is divided by y?
2
Let u be (2497/22)/(2/4). Suppose 4 = 3*j - 5*j, -5*k + u = -j. Suppose -k = -8*s + 3*s. What is the remainder when 15 is divided by s?
6
Let u be (6/5)/(6/80). Suppose -4*g + 4*q + u = q, -3*q - 20 = -5*g. What is the remainder when g is divided by 1?
0
Suppose 4*w - 6 - 10 = 0. Suppose w*r - 74 + 14 = 0. What is the remainder when 29 is divided by r?
14
Let c = 60 + 25. Suppose 8*p - 3*p = c. What is the remainder when p is divided by 5?
2
Suppose -5*o = 2*a - 20, -5*a + 2*o + 35 - 14 = 0. Suppose 14 = 3*r + a. Suppose -r*i = 2*i - 30. What is the remainder when 11 is divided by i?
5
Calculate the remainder when (-261)/((-153)/171 + (-2)/19) is divided by 75.
36
Suppose -6*u = -3*u - 255. Suppose 0 = -3*l + u - 4. Suppose 3*o + 2*y + 14 = 50, o - 3*y = 23. Calculate the remainder when l is divided by o.
13
Let v(r) = r**3 + 5*r**2 - 49*r - 214. What is the remainder when 141 is divided by v(-6)?
9
Suppose -269*a + 272*a - 354 = 0. What is the remainder when a is divided by 20?
18
Let f = -37 + 25. Let b = 13 + f. Suppose r - 5 = -b. Calculate the remainder when 5 is divided by r.
1
Let s = -225 - -242. What is the remainder when 186 is divided by s?
16
Let y = -376 - -411. Calculate the remainder when y is divided by 12.
11
What is the remainder when 84 is divided by ((-8)/(24/159) + 6)/(-1)?
37
Suppose -7*m + 542 = 437. Suppose -4*z - 5*b = -92, 0 = -2*b - 3*b. Calculate the remainder when z is divided by m.
8
Suppose -y + 3 = 2. Let u = 14 + y. Let v = -23 - -81. Calculate the remainder when v is divided by u.
13
Let d be 36 + (-2 - -1) + 1. Let u = 96 + -52. What is the remainder when u is divided by 20/6*d/10?
8
Let p = 262 - 255. What is the remainder when p is divided by 6?
1
Suppose -4*x = 4*r - 124, 3*r + 3*x - 93 = -x. Let u = -26 + r. Suppose 0 = u*i - 2*m - 52, -2*i + 4*m = -20 - 4. What is the remainder when 27 is divided by i?
7
Suppose 41*s = 34*s + 462. Calculate the remainder when 522 is divided by s.
60
Let z be 3/36*9*-28. What is the remainder when (0 - -69)*(-14)/z is divided by 6?
4
Let v = 19 - 13. What is the remainder when (44/(-5))/((-68)/170) is divided by v?
4
Let p(k) = -k + 8. Suppose -6*s = -3*s - 12. What is the remainder when p(0) is divided by s?
0
Let v(h) = -20*h**3 + 3*h**2 - h + 5. What is the remainder when v(-2) is divided by 61?
57
Suppose 0 = 280*c - 261*c - 1653. Calculate the remainder when c is divided by 52.
35
Let m = 21 + -3. Let a be (-40)/(-16)*6/5. Suppose a*w + 2*x - 40 = 52, -4*x = -5*w + 190. Calculate the remainder when w is divided by m.
16
Let w = -6 - -11. Suppose 0 = 4*c - 3*n - 27, 3*c + n - w = -1. Calculate the remainder when 71*c/3 - -2 is divided by 19.
16
Suppose -4*c + 0*c + 8 = 4*a, 5*c + 2*a = 13. Calculate the remainder when (c/6)/((0 + 2)/92) is divided by 10.
3
Let o(w) = -7*w - 14. Let v = -1 - 2. Calculate the remainder when 34 is divided by o(v).
6
Calculate the remainder when 123 is divided by (-1743)/(-70) - (-4)/40.
23
Let o = 8 + 3. Suppose -o*s = -14*s + 78. What is the remainder when s is divided by 14?
12
Let p be (-4)/(-1 - 7)*0 + 1. Suppose w - p = 13. Calculate the remainder when 122 is divided by w.
10
Calculate the remainder when (-1 - 4)*-1 - (-2 + -17) is divided by 12.
0
Let w(k) = -94*k - 92. What is the remainder when w(-4) is divided by 41?
38
Let s(a) = -2*a**3 - 12*a**2 + 18*a + 16. What is the remainder when s(-10) is divided by 64?
60
Let d(y) = -y**2 - 5*y + 10. What is the remainder when 20 is divided by d(-6)?
0
Suppose 545 = 5*r - 3*i, 3*r = 8*r + 3*i - 575. Let h = r - 45. What is the remainder when h is divided by 17?
16
Let c(m) = -m + 3. Let u(n) = 0*n**2 + 5*n + 9*n**3 + 6 + 6*n**2 - 8*n**3. Calculate the remainder when c(-8) is divided by u(-5).
5
Suppose -5*x = 5, -13 = -4*a + 2*x + 25. What is the remainder when 3/(a/75)*1 is divided by 16?
9
Let h(a) = -4*a**3 - 33*a**2 + 18*a + 1. Calculate the remainder when h(-9) is divided by 32.
18
Let t = -40 + 71. Let s = t - 20. What is the remainder when 21 is divided by s?
10
Let a be 5*(1/(-1) + 21/15). Suppose -1 = -a*b + 3, 3*b = u - 27. What is the remainder when 64 is divided by u?
31
Suppose 5*b - 80 = 4*x - 401, -2*b - 380 = -5*x. What is the remainder when 188 is divided by x?
40
Suppose 220 = 5*q - 85. Suppose -o = -0*o - 16. What is the remainder when q is divided by o?
13
Let g(k) = k**2 + k - 8. Let m be g(0). Let v be 5*-4*2/m. Let c(l) = -l**3 + 5*l**2 + 3*l + 1. Calculate the remainder when 45 is divided by c(v).
13
What is the remainder when 2001 is divided by 112/36*279/62?
13
Let w(b) = -b**2 - 12*b + 9. Let j be w(-7). Suppose -22*d = -18*d - j. What is the remainder when 31 is divided by d?
9
Suppose -10 = 5*w - 3*c + 5, -c = -4*w - 12. Calculate the remainder when (w + (-36)/(-8))*4 is divided by ((-4)/(-14))/((-4)/(-56)).
2
Let c = 354 - 248. Let t(w) = 566*w - 3908. What is the remainder when c is divided by t(7)?
52
Suppose -z - 5 = 4*z, 2*z = u + 17. Let v(a) = -5*a - 28. What is the remainder when v(u) is divided by 17?
16
Let a(w) = -2*w - 10. Let p be a(5). Let h be 2/9 + p/9. Calculate the remainder when 5/((-3)/84*h) is divided by 18.
16
Suppose -a - 4*a = -4*t - 100, -2*t + 58 = 2*a. Suppose 0 = 2*p + 4*k - 210, -4*p - 6*k + 3*k = -395. Calculate the remainder when p is divided by a.
23
Suppose -57 = -2*i + i. Let c = -10 - 1. Let f(w) = -w**3 - 11*w**2 - 2*w - 7. What is the remainder when i is divided by f(c)?
12
Let t be -2 - (-11)/2 - (-6)/(-12). Let z(r) = -r + 6*r**3 - 4*r**3 - 1 - 3*r**2 + r**2 + 3. Calculate the remainder when z(t) is divided by 9.
8
Suppose 2*w = -5*x + 34, w - 10 = -2*x + 7. Let p be 212/6 + (-2)/(-3). Calculate the remainder when w is divided by p/(-9)*(-18)/8.
8
Let m(t) = 6*t**3 - t**2 + t. Let r be m(1). Let k be 15/r*(-4)/(-5). Suppose -2 = k*a + n - 7, 15 = -a - 4*n. Calculate the remainder when 14 is divided by a.
4
Let u(s) = s**2 + 10*s - 19. Let l be u(-13). Suppose -i = -l + 7. What is the remainder when 17/(14/6 - 2) is divided by i?
12
Let z(t) = -t**3 + 2*t**2 + 3. Let s be z(3). Let b = s + 9. Calculate the remainder when 41 is divided by 21 - (b + -4*1).
19
What is the remainder when 2*10*(-185)/(-20) is divided by 21?
17
Suppose 20 = 2*q + n, -2*q + 3*n = -38 + 26. Let d(m) = -m**2 + 18*m**2 - m + 2*m. What is the remainder when d(-1) is divided by q?
7
Let x be (-15)/(-4) - (-5)/20. Suppose -x + 6 = o. Suppose d = b - 7, -2*b - 2*d = 4 - 2. What is the remainder when b is divided by o?
1
Let u be (10/7)/((-2)/(-14)). Suppose -a + 4 = -u. What is the remainder when 1*(28 + (-15)/5) is divided by a?
11
Suppose 0 = 27*m + 24*m - 13413. Calculate the remainder when m is divided by 93.
77
Let o(q) = 5*q**2 - 12*q + 30. Let x(k) = k**2 + k. Let l(y) = -o(y) + 6*x(y). What is the remainder when 23 is divided by l(-20)?
3
Let n(h) = -10*h**2 - h + 1. Let t be n(-2). Let s = -19 - t. What is the remainder when 69 is divided by s?
15
Let x = 10 + -5. What is the remainder when (-63)/(-3) - ((-52)/(-4) - 6) is divided by x?
4
Suppose -68*l = -5*f - 71*l + 692, 0 = 2*f - 2*l - 